 - 14. Let j(b) = -13*b**2 + 13*b + 21. Let a(q) = -5*j(q) - 7*u(q). What is a(3)?
5
Suppose 50*n = 52*n - 4. Let k(f) = -f**n - 4 + 4*f - 2*f - 2 + 2. Let d(r) = 2*r**2 + 4*r + 3. Let b be d(-2). Calculate k(b).
-7
Let i(f) be the first derivative of 7*f**2/2 - 10*f - 9. Let h(k) = -6*k + 10. Let j(m) = 3*h(m) + 2*i(m). Give j(7).
-18
Let f = -29 + 45. Suppose f = 4*x + 4*v, -x - 8 + 0 = -2*v. Let n(q) = -2 + 2*q - 1 + x*q + q. What is n(2)?
3
Suppose -96*j - 20*j = 812. Let w(q) = q**2 + 7*q - 9. Calculate w(j).
-9
Let h(k) = k**3 - 4*k - 3. Let x be (8 + -2)*2/4. Suppose 6*d - x*d + 6 = 0. What is h(d)?
-3
Let y(m) = -4*m + 7*m - 5*m**2 - 12*m**2 + 15*m**2. Let i = 4 + -1. Determine y(i).
-9
Let d(p) = -20 - 5*p**2 - p - 40 - 5*p**2 + p**3 + 68. Calculate d(10).
-2
Suppose -6*h + 21 = 45. Let k(p) be the third derivative of p**5/60 + p**4/24 - p**3/2 - 3*p**2 - 9. Determine k(h).
9
Suppose 6*t = 2*t + 2*n, -3*t - n = 5. Let s(v) = 5*v**3 + 6*v**2 + 7. Let w(z) = -6*z**3 - 5*z**2 - 6. Let r(l) = -6*s(l) - 7*w(l). Calculate r(t).
-13
Let x(r) = r + 2. Let i(j) = -j**3 - 18*j**2 - 18*j + 10. Let f be i(-17). Let m be ((-4)/(-6))/(-3*3/f). Calculate x(m).
0
Suppose -2*q - 64 = -78. Let k(w) be the second derivative of w**3/6 - 13*w**2/2 + w. Calculate k(q).
-6
Let h(f) = 5*f**2 + 2*f + 3. Let b(o) = -9*o**2 - 5*o - 6. Let v = -76 + 72. Let m(p) = v*b(p) - 7*h(p). Determine m(-3).
-6
Let o(u) = 5*u**3 - 11*u**2 + 15*u - 10. Let p(c) = 14*c**3 - 33*c**2 + 44*c - 31. Let y(b) = -11*o(b) + 4*p(b). What is y(10)?
-4
Let i be (0 + 5)*(3 + -2). Let m(d) = -87*d - 36 + 32 + 84*d + d**3 - 4*d**2. What is m(i)?
6
Let b(n) = 3*n - 7. Let s be b(3). Let m(w) = -s - 10*w - 2 + 9*w. Suppose 4*v = d - 4, -3*v - 1 = 5*d + 2. Give m(d).
-4
Let l be (12/30)/((12/(-15))/(-2)). Let z be (-8)/10*30/(-4). Let r(q) = 4*q**3 + 5*q**2. Let b(c) = -5*c**3 - 6*c**2. Let d(g) = z*b(g) + 7*r(g). What is d(l)?
-3
Let l(p) = -60*p - 5 + 47*p + 29*p + 3 - 15*p**2 - p**3. Determine l(-16).
-2
Let i be ((-20)/50)/(1/(-20)). Let z(l) = -l**2 + 9*l - 7. Let x be z(i). Let b(j) = 2*j + 1. Give b(x).
3
Let q(r) = r**2 - 3*r + 1. Let f be q(2). Let y(x) = 70 + 65 - 5*x + 66 - x - 200. Determine y(f).
7
Suppose -x + 2 = -1. Let y(g) = 0 + 3 - 5*g**2 - x*g + 4*g**2. What is y(-4)?
-1
Let m(r) = 7*r**2 - 1 - 167*r**3 + 6 + r + 166*r**3. Calculate m(7).
12
Suppose 0 = -2*y + 33 + 19. Let t = 35 - y. Let a(u) = 16 - t - 10 - 4*u. Give a(-2).
5
Let h(r) = 2*r**2 - 2*r**3 - 354 + r + 3*r**3 + 350 - 3*r**2. What is h(0)?
-4
Let s(u) = u**3 + 5*u**2 + 3*u - 3. Suppose -5*r = 3*z + 177, -z - 26 - 33 = 3*r. Let d = z - -56. Give s(d).
6
Let b(r) = -r**3 + 4*r**2 - 3*r - 1. Suppose -o = o + 4, -3*z - 5*o + 8 = 0. Let u be z/(-5)*110/(-44). Determine b(u).
-1
Let y(w) = -w**2 - 7*w + 10. Let p be y(-8). Let r(o) = 0 + 2*o + p - 1. Let n be (4/(-5))/(4/(-20)). Calculate r(n).
9
Let o = 40 - 34. Suppose 0 + 3 = 3*v. Let w(a) = -1 - v - 1 - 3*a + 4*a. Give w(o).
3
Let b(q) be the first derivative of 5/2*q**2 - 8*q + 45 + 1/3*q**3. Determine b(-6).
-2
Let z(g) = -g - 15. Let w be z(-6). Let u = w - -11. Let p be u/4*(-16)/4. Let a(v) = -v - 1. Calculate a(p).
1
Let s(q) = -10 + 9 - q + 2*q - 4*q + 21. What is s(5)?
5
Let c(a) = 5*a - 1. Let u = 1258 - 1262. Calculate c(u).
-21
Let h(m) = -m + 7. Let j be h(12). Let g(a) = -a**2 - 4*a + 3. Give g(j).
-2
Let p(w) = w**2 + 3*w + 7. Suppose -3*y - 7*m + 2*m = 10, y + 2*m + 3 = 0. What is p(y)?
17
Let u(b) = b**2 + 9. Suppose 9*y + 372 = 13*y. Let k = 93 - y. Determine u(k).
9
Let g(p) = 5*p - 4. Let w(l) = -l + 1. Let f(s) = 2*g(s) + 9*w(s). Let k(o) = -4*o - 10. Let v(z) = 3*f(z) + k(z). Give v(-8).
1
Let b(d) = 3*d**3 + 7*d**2 - 11*d + 1. Let c(h) = h**3 + 2*h**2 - 3*h. Let o(i) = 2*b(i) - 7*c(i). Suppose 0 = -k + 1 - 3. Determine o(k).
12
Let r(c) = c**3 - c**2 + c + 3. Let a(o) = o. Let n(g) = -5*a(g) + r(g). Let f(i) = i + 8. Let t be f(-6). Give n(t).
-1
Let o(m) = -21*m**2 - 4*m**2 - 10*m - 9 + m - m**3 + 37*m**2. Calculate o(11).
13
Let w(z) = z - 3. Let r = 35 - 34. Let h be w(r). Let x(a) = -a**3 - 1. Determine x(h).
7
Let h(k) = k**2 - 7*k + 7. Let g(p) = p**2 - 31*p + 36. Let s be g(30). Give h(s).
1
Suppose 0 = -4*r + 2*h + 3*h + 51, -r + 19 = 5*h. Suppose -r*c = -16*c + 8. Let d(f) = -3 + c - 34*f + 31*f. Give d(-3).
10
Let r(t) be the third derivative of t**4/24 - 17*t**3/6 + 6*t**2 - 5*t. Give r(7).
-10
Let r(a) = -4 - 11 + 3*a + 18 - a**2. Calculate r(3).
3
Let l = 6 - 4. Let o(f) be the second derivative of -7*f**3/6 - 275*f. What is o(l)?
-14
Let s(i) = i**3 - 6*i**2 - 4*i + 3. Let u(l) = l**2 + 8*l - 35. Let f be u(5). Suppose -10*y = -15*y + f. Give s(y).
-21
Let m(k) be the second derivative of k**8/6720 - k**7/2520 - k**6/720 + 2*k**4/3 + 2*k**3/3 - 36*k. Let v(z) be the third derivative of m(z). What is v(-1)?
-1
Let a(k) = -4*k**2 - 18*k + 29. Let p be a(-6). Let n(w) = -w**3 - 7*w**2 - w + 17. Calculate n(p).
24
Let o(n) be the third derivative of -n**5/15 + n**4/6 + n**3/2 + 131*n**2. Determine o(-1).
-5
Let h(o) be the first derivative of o**3/6 - o**2 - 43*o + 55. Let a(y) be the first derivative of h(y). Suppose 16 - 4 = -3*w. Calculate a(w).
-6
Let c(j) = -j + 10. Let t(a) = -13*a + 165. Let v be t(12). Calculate c(v).
1
Let x(i) be the second derivative of i**3/2 - 22*i. Let a be (8 + 1)/((-21)/(-14)). What is x(a)?
18
Let p(i) be the third derivative of 1/3*i**3 + 0 - 1/60*i**5 + 5/24*i**4 + 0*i - 30*i**2. Suppose -2*o - 3*h + 15 = 0, 0*o + 4*h + 20 = 4*o. Calculate p(o).
-4
Let d(v) = v**3 - 30*v**2 + v - 32. Let b be 35 - ((-19)/(-3) + 44/(-33)). What is d(b)?
-2
Let q(g) = g**3 + 9*g**2 - 5. Suppose -5*o + 2*l = -0*l + 55, o + l + 4 = 0. Calculate q(o).
-5
Suppose -4*z = 3*f - 0*z + 3, 0 = -2*z - 6. Suppose 15 = -i - 2*l - f*l, -12 = 5*i + 4*l. Let a(u) = -u**2 - u. Give a(i).
0
Let n(v) be the second derivative of v**3 - v**2/2 - v - 69. What is n(-3)?
-19
Let c = 70 - 75. Let f be 11 - (0/c + 5). Let d(w) = w**3 - 7*w**2 + 7*w - 9. Calculate d(f).
-3
Suppose 11*b - 44 = 15*b. Let y(i) = i + 9. Give y(b).
-2
Let s(k) = -k**2 + 3*k - 3. Suppose -3*n - 2*b + 12 = b, -5*b + 8 = n. Let l be s(n). Let a(h) = -3*h - 3. Calculate a(l).
6
Let a = -1601 + 1607. Let t(n) = -n**2 - 1. Determine t(a).
-37
Let n(o) = -40*o - 13. Let t(k) = -2*k - 2. Let b(j) = n(j) - 6*t(j). Give b(-1).
27
Let o(b) = -2*b. Suppose m + m = 0. Let q be o(m). Let l(y) = -6*y + 4 + 3*y + q + 2*y. What is l(0)?
4
Let m(q) = -2*q + 3. Let f be m(0). Let y be f*-2*(-21)/6. Suppose 6*s - 9*s + y = 0. Let u(k) = -k**3 + 8*k**2 - 7*k + 1. Give u(s).
1
Let h(b) = b + 1. Let d(f) = -3*f**2 + 3*f - 5. Let j(w) = d(w) + 3*h(w). Let u be j(2). Let k(n) = -n - 5 - 2 + 4. Determine k(u).
-1
Suppose 26 = b + 5*j - 52, -245 = -5*b + 4*j. Suppose 0 = -q - b + 52. Let z(f) = -3 - 9*f - 1 + 3. Calculate z(q).
8
Let j(i) be the first derivative of -i**4/4 + 7*i**3/3 - i - 16. Let a(x) = -3*x - 20. Let w be a(-9). Determine j(w).
-1
Let d(y) be the first derivative of y**3/3 + 3*y**2/2 - 5*y - 52. Determine d(4).
23
Let m(o) = 3. Let u(g) = g - 14. Let x(p) = 11*m(p) + 2*u(p). Let h be 3/(-3)*(3 + -1). Let k be (-6)/(-18)*(h - 13). Give x(k).
-5
Let p(v) = -7 + 7*v**2 - 3*v**3 + 4*v**3 + 2 + 5*v. Suppose 3 = -5*c + 3. Suppose 0*x - x + r - 8 = c, -5*r + 28 = -3*x. Give p(x).
1
Let f(l) = -l**3 + l**2 + 2*l - 3. Let k(x) = -2*x**2 + 20 - 53 + 26 + 9*x. Let z be k(3). What is f(z)?
-3
Let c(d) = -10*d**3 + d**2 - d + 1. Let a(h) = -h**3 - 13*h**2 - 6. Let w be a(-13). Let x be (-6)/4*w/9. Give c(x).
-9
Let m(v) be the third derivative of -1/24*v**4 + 0*v + 0 + 1/2*v**3 - v**2. Calculate m(-5).
8
Suppose 5*f = -2*h - 1, -3*h + 6*h = f - 10. Let l(o) = -8*o. Give l(f).
-8
Let o(r) = 4*r**3 - 7*r**3 + r - 3*r**3 + 5*r**3 + r. What is o(-3)?
21
Let q be 2970/(-243) + 6/27. Let t(w) = w**2 + 13*w + 15. Give t(q).
3
Let j(l) be the third derivative of -l**5/15 + l**4/8 - l**3/2 + 3*l**2. Suppose -2*y - 7 = -21. Suppose -2*c + v = c - 3, 0 = -5*c + v + y. Calculate j(c).
-13
Let t(r) = -438 + 221 + r + 219. Let y(w) = -4 + 4 + 4 - 3 + 2*w. Let h be y(-4). Give t(h).
-5
Let y(m) be the third derivative of 0*m**3 + 0*m - 9*m**2 + 0 - 5/24*m**4. Determine y(2).
-10
Let t(w) = 